{"id":60,"date":"2018-10-06T08:38:38","date_gmt":"2018-10-06T08:38:38","guid":{"rendered":"http:\/\/grafikmitkunst.de\/?page_id=60"},"modified":"2018-10-06T08:49:58","modified_gmt":"2018-10-06T08:49:58","slug":"start","status":"publish","type":"page","link":"http:\/\/grafikmitkunst.de\/","title":{"rendered":"Willkommen!"},"content":{"rendered":"<p>Auf dieser Seite m\u00f6chte ich mich und meine Arbeit vorstellen und freue mich \u00fcber Ihren Besuch.<\/p>\n<p>Ich bin Grafikdesignerin und lebe im sch\u00f6nen Westerwald. Durch mein Interesse an spirituellen Themen folgt meine Arbeit nicht nur den klassischen, grafischen Richtlinien sondern transportiert oft auch feinf\u00fchligere Energien.<span class=\"Apple-converted-space\">\u00a0<\/span><\/p>\n<p>Ich finde es spannend neuen Menschen und ihrer Arbeit zu begegnen. Die Essenz dieser Arbeit gemeinsam herauszufiltern und gestalterisch umzusetzen ist oft f\u00fcr beide Seiten bereichernd.<\/p>\n<p>Einen Teil meiner Arbeit stelle ich Ihnen auf den folgenden Seiten vor und w\u00fcnsche Ihnen viel Spa\u00df &#8230;<\/p>\n","protected":false},"excerpt":{"rendered":"<p>Auf dieser Seite m\u00f6chte ich mich und meine Arbeit vorstellen und freue mich \u00fcber Ihren Besuch. Ich bin Grafikdesignerin und lebe im sch\u00f6nen&#8230;<\/p>\n","protected":false},"author":1,"featured_media":0,"parent":0,"menu_order":0,"comment_status":"closed","ping_status":"closed","template":"","meta":[],"_links":{"self":[{"href":"http:\/\/grafikmitkunst.de\/index.php?rest_route=\/wp\/v2\/pages\/60"}],"collection":[{"href":"http:\/\/grafikmitkunst.de\/index.php?rest_route=\/wp\/v2\/pages"}],"about":[{"href":"http:\/\/grafikmitkunst.de\/index.php?rest_route=\/wp\/v2\/types\/page"}],"author":[{"embeddable":true,"href":"http:\/\/grafikmitkunst.de\/index.php?rest_route=\/wp\/v2\/users\/1"}],"replies":[{"embeddable":true,"href":"http:\/\/grafikmitkunst.de\/index.php?rest_route=%2Fwp%2Fv2%2Fcomments&post=60"}],"version-history":[{"count":4,"href":"http:\/\/grafikmitkunst.de\/index.php?rest_route=\/wp\/v2\/pages\/60\/revisions"}],"predecessor-version":[{"id":65,"href":"http:\/\/grafikmitkunst.de\/index.php?rest_route=\/wp\/v2\/pages\/60\/revisions\/65"}],"wp:attachment":[{"href":"http:\/\/grafikmitkunst.de\/index.php?rest_route=%2Fwp%2Fv2%2Fmedia&parent=60"}],"curies":[{"name":"wp","href":"https:\/\/api.w.org\/{rel}","templated":true}]}}

<p>Auf dieser Seite möchte ich mich und meine Arbeit vorstellen und freue mich über Ihren Besuch.</p>
<p>Ich bin Grafikdesignerin und lebe im schönen Westerwald. Durch mein Interesse an spirituellen Themen folgt meine Arbeit nicht nur den klassischen, grafischen Richtlinien sondern transportiert oft auch feinfühligere Energien.<span class="Apple-converted-space"> </span></p>
<p>Ich finde es spannend neuen Menschen und ihrer Arbeit zu begegnen. Die Essenz dieser Arbeit gemeinsam herauszufiltern und gestalterisch umzusetzen ist oft für beide Seiten bereichernd.</p>
<p>Einen Teil meiner Arbeit stelle ich Ihnen auf den folgenden Seiten vor und wünsche Ihnen viel Spaß &#8230;</p>

<p>Auf dieser Seite möchte ich mich und meine Arbeit vorstellen und freue mich über Ihren Besuch. Ich bin Grafikdesignerin und lebe im schönen&#8230;</p>
